24.
2, 17, 8893
What are the prime factors of 2093525?
5, 7, 1709
What are the prime factors of 712358?
2, 61, 5839
What are the prime factors of 444823?
281, 1583
What are the prime factors of 1842387?
3, 614129
What are the prime factors of 289368?
2, 3, 4019
What are the prime factors of 19821?
3, 6607
What are the prime factors of 881338?
2, 440669
What are the prime factors of 130276?
2, 32569
List the prime factors of 1535764.
2, 383941
List the prime factors of 581891.
581891
What are the prime factors of 151923?
3, 89, 569
List the prime factors of 2580680.
2, 5, 149, 433
List the prime factors of 1765607.
29, 107, 569
List the prime factors of 8198289.
3, 11, 82811
What are the prime factors of 131837?
131837
List the prime factors of 1540200.
2, 3, 5, 17, 151
List the prime factors of 2112.
2, 3, 11
List the prime factors of 1761350.
2, 5, 35227
What are the prime factors of 1331898?
2, 3, 139, 1597
List the prime factors of 2556739.
2556739
List the prime factors of 8749082.
2, 19, 230239
What are the prime factors of 341665?
5, 23, 2971
List the prime factors of 302767.
302767
What are the prime factors of 3628510?
2, 5, 362851
What are the prime factors of 19809615?
3, 5, 7, 37, 5099
What are the prime factors of 798181?
557, 1433
What are the prime factors of 3497775?
3, 5, 149, 313
What are the prime factors of 493772?
2, 19, 73, 89
List the prime factors of 3931280.
2, 5, 157, 313
List the prime factors of 2382250.
2, 5, 13, 733
What are the prime factors of 45790?
2, 5, 19, 241
List the prime factors of 1952145.
3, 5, 13, 47, 71
What are the prime factors of 2875963?
31, 113, 821
List the prime factors of 7500327.
3, 2500109
List the prime factors of 23599854.
2, 3, 1311103
List the prime factors of 5539336.
2, 11, 19, 3313
List the prime factors of 602789.
11, 54799
List the prime factors of 24786610.
2, 5, 2478661
List the prime factors of 15116017.
7, 37, 58363
List the prime factors of 9816499.
7, 11, 127487
What are the prime factors of 3147914?
2, 7, 11, 20441
List the prime factors of 2264838.
2, 3, 19, 19867
What are the prime factors of 1015121?
17, 211, 283
List the prime factors of 18304665.
3, 5, 17, 23, 3121
What are the prime factors of 11806001?
61, 193541
List the prime factors of 1808407.
107, 16901
List the prime factors of 28298.
2, 14149
List the prime factors of 699726.
2, 3, 139, 839
What are the prime factors of 1510438?
2, 829, 911
List the prime factors of 266101.
11, 17, 1423
What are the prime factors of 718711?
7, 102673
List the prime factors of 437128.
2, 101, 541
List the prime factors of 454496.
2, 7, 2029
What are the prime factors of 185309?
185309
List the prime factors of 520474.
2, 197, 1321
List the prime factors of 2695446.
2, 3, 13, 11519
What are the prime factors of 13474485?
3, 5, 151, 661
List the prime factors of 2702707.
7, 23, 16787
What are the prime factors of 97068?
2, 3, 8089
What are the prime factors of 159813?
3, 1973
List the prime factors of 20141324.
2, 7, 719333
List the prime factors of 1591963.
937, 1699
What are the prime factors of 155865?
3, 5, 10391
List the prime factors of 52091.
13, 4007
List the prime factors of 2349153.
3, 261017
What are the prime factors of 37809?
3, 4201
List the prime factors of 529526.
2, 264763
What are the prime factors of 547057?
7, 31, 2521
List the prime factors of 118957.
47, 2531
List the prime factors of 471351.
3, 59, 2663
List the prime factors of 230392.
2, 31, 929
List the prime factors of 38250.
2, 3, 5, 17
What are the prime factors of 234364?
2, 13, 4507
List the prime factors of 461863.
23, 43, 467
What are the prime factors of 11966465?
5, 7, 31, 41, 269
What are the prime factors of 104237?
7, 14891
List the prime factors of 396662.
2, 7, 29, 977
What are the prime factors of 6978541?
113, 61757
What are the prime factors of 845651?
571, 1481
What are the prime factors of 924314?
2, 419, 1103
What are the prime factors of 5917837?
5917837
List the prime factors of 3629540.
2, 5, 173, 1049
List the prime factors of 5411807.
5411807
List the prime factors of 279487.
13, 21499
List the prime factors of 3289044.
2, 3, 11, 24917
What are the prime factors of 2214557?
443, 4999
What are the prime factors of 1574369?
1574369
List the prime factors of 1236601.
41, 30161
List the prime factors of 162572.
2, 97, 419
List the prime factors of 979290.
2, 3, 5, 13, 31
List the prime factors of 12527973.
3, 19, 24421
What are the prime factors of 458494?
2, 229247
List the prime factors of 2152941.
3, 7, 157, 653
List the prime factors of 74387.
73, 1019
What are the prime factors of 159062?
2, 79531
What are the prime factors of 402927?
3, 7, 2741
List the prime factors of 4124868.
2, 3, 11, 31249
What are the prime factors of 14155370?
2, 5, 359, 3943
What are the prime factors of 1483453?
1483453
What are the prime factors of 592478?
2, 59, 5021
What are the prime factors of 898951?
898951
What are the prime factors of 2070288?
2, 3, 11, 1307
What are the prime factors of 68215?
5, 7, 1949
List the prime factors of 11021347.
23, 479189
List the prime factors of 88933.
13, 6841
List the prime factors of 46300.
2, 5, 463
List the prime factors of 179968.
2, 19, 37
What are the prime factors of 553878?
2, 3, 13, 263
List the prime factors of 488454.
2, 3, 81409
List the prime factors of 549673.
523, 1051
What are the prime factors of 22056830?
2, 5, 97, 22739
List the prime factors of 1807689.
3, 13, 46351
What are the prime factors of 8119478?
2, 29, 139991
List the prime factors of 10773010.
2, 5, 1077301
List the prime factors of 1841189.
7, 83, 3169
What are the prime factors of 29248335?
3, 5, 47, 13829
List the prime factors of 858009.
3, 113, 2531
What are the prime factors of 276600?
2, 3, 5, 461
What are the prime factors of 1740932?
2, 19, 22907
What are the prime factors of 2589393?
3, 863131
List the prime factors of 6759525.
3, 5, 90127
What are the prime factors of 258728?
2, 32341
List the prime factors of 443627.
271, 1637
List the prime factors of 15936278.
2, 563, 14153
List the prime factors of 3852051.
3, 7, 59, 3109
List the prime factors of 259427.
7, 37061
List the prime factors of 3426297.
3, 7, 241, 677
What are the prime factors of 2387014?
2, 7, 53, 3217
What are the prime factors of 128753?
199, 647
List the prime factors of 2657460.
2, 3, 5, 13, 3407
List the prime factors of 141584.
2, 8849
What are the prime factors of 4407328?
2, 43, 3203
List the prime factors of 18975037.
18975037
What are the prime factors of 260545?
5, 107, 487
List the prime factors of 24840622.
2, 12420311
List the prime factors of 2600990.
2, 5, 7, 73, 509
List the prime factors of 161354.
2, 80677
List the prime factors of 29704.
2, 47, 79
What are the prime factors of 164945?
5, 11, 2999
List the prime factors of 491466.
2, 3, 101, 811
What are the prime factors of 1624760?
2, 5, 151, 269
What are the prime factors of 2379915?
3, 5, 17, 61
List the prime factors of 87555.
3, 5, 13, 449
What are the prime factors of 348622?
2, 174311
What are the prime factors of 4372427?
1637, 2671
What are the prime factors of 408434?
2, 13, 23, 683
What are the prime factors of 1806662?
2, 11, 13, 6317
What are the prime factors of 158669?
7, 19, 1193
List the prime factors of 1696487.
13, 37, 3527
List the prime factors of 217375.
5, 37, 47
What are the prime factors of 1125145?
5, 7, 17, 31, 61
List the prime factors of 1536824.
2, 192103
What are the prime factors of 2206728?
2, 3, 30649
List the prime factors of 169806.
2, 3, 7, 13, 311
What are the prime factors of 26262162?
2, 3, 1021, 1429
What are the prime factors of 7202647?
53, 135899
List the prime factors of 8701406.
2, 7, 23, 61, 443
List the prime factors of 1668767.
191, 8737
What are the prime factors of 7884814?
2, 7, 23, 47, 521
What are the prime factors of 2024582?
2, 7, 73, 283
What are the prime factors of 1053078?
2, 3, 13, 23, 587
What are the prime factors of 15097207?
17, 139, 6389
What are the prime factors of 1299859?
11, 118169
List the prime factors of 229551.
3, 7, 17, 643
List the prime factors of 1060419.
3, 353473
List the prime factors of 17200655.
5, 3440131
List the prime factors of 2270296.
2, 7, 71, 571
List the prime factors of 659064.
2, 3, 7, 3